{"id":30,"date":"2012-10-01T15:08:31","date_gmt":"2012-10-01T13:08:31","guid":{"rendered":"http:\/\/www.nicole-ahland.de\/wordpress\/?page_id=30"},"modified":"2025-07-18T13:11:08","modified_gmt":"2025-07-18T11:11:08","slug":"vita","status":"publish","type":"page","link":"https:\/\/www.nicole-ahland.de\/?page_id=30","title":{"rendered":"Vita"},"content":{"rendered":"\n<figure class=\"wp-block-image size-large\"><img decoding=\"async\" loading=\"lazy\" width=\"494\" height=\"494\" src=\"https:\/\/www.nicole-ahland.de\/wordpress\/wp-content\/uploads\/2015\/05\/DSC_7084web-494x494.jpg\" alt=\"\" class=\"wp-image-1208\" srcset=\"https:\/\/www.nicole-ahland.de\/wordpress\/wp-content\/uploads\/2015\/05\/DSC_7084web-494x494.jpg 494w, https:\/\/www.nicole-ahland.de\/wordpress\/wp-content\/uploads\/2015\/05\/DSC_7084web-288x288.jpg 288w, https:\/\/www.nicole-ahland.de\/wordpress\/wp-content\/uploads\/2015\/05\/DSC_7084web-250x250.jpg 250w, https:\/\/www.nicole-ahland.de\/wordpress\/wp-content\/uploads\/2015\/05\/DSC_7084web-768x768.jpg 768w, https:\/\/www.nicole-ahland.de\/wordpress\/wp-content\/uploads\/2015\/05\/DSC_7084web.jpg 1000w\" sizes=\"(max-width: 494px) 100vw, 494px\" \/><\/figure>\n\n\n<p><b>Nicole Ahland<\/b><\/p>\n<p><strong>1970<\/strong> geboren in Trier<\/p>\n<p><strong>1995-96<\/strong> Forschungsreisen nach China<\/p>\n<p><strong>1997-98<\/strong> Aufenthalt in Vietnam<\/p>\n<p><strong>1999-05<\/strong> Studium der Freien Kunst an der Akademie f\u00fcr Bildende K\u00fcnste<\/p>\n<p>der Johannes Gutenberg-Universit\u00e4t Mainz ( Prof. Dr. Vladimir Spacek )<\/p>\n<p><strong>2007-08<\/strong> wissenschaftliche Mitarbeiterin Kunsttheorie AfBK Mainz<\/p>\n<p><strong>2014-2019<\/strong> aktives Vorstandsmitglied Kunstverein Bellevue-Saal Wiesbaden<\/p>\n<p><strong>seit 2004<\/strong> Mentoring f\u00fcr Bildende K\u00fcnstlerinnen\u00a0 <a href=\"http:\/\/www.kunst-mentoring.de\">www.kunst-mentoring.de<\/a><\/p>\n<p><i>lebt und arbeitet in Wiesbaden und in der Westpfalz <br \/><\/i><\/p>\n<p>Es befinden sich zahlreiche Werke in \u00f6ffentlichen und privaten Sammlungen in Deutschland, Schweiz, Europa und USA.<\/p>\n<p><span style=\"color: #ff6600;\"><b>Auszeichnungen <\/b><b>(Preise und Stipendien)<\/b><\/span><\/p>\n<p><strong>2023<\/strong> <strong>+ 2024<\/strong> Artist in Residence, Museum Kunst der Westk\u00fcste,<\/p>\n<p>\u00a0\u00a0\u00a0\u00a0\u00a0\u00a0\u00a0\u00a0\u00a0\u00a0\u00a0\u00a0\u00a0\u00a0\u00a0\u00a0\u00a0\u00a0\u00a0\u00a0\u00a0\u00a0\u00a0 Det Paulsen Legaat gemeinn\u00fctzige GmbH<\/p>\n<p><strong>2022<\/strong> Projektsstipendium Stiftung Kunstfonds NeuStartKultur<\/p>\n<p><strong>2021<\/strong> HAP-Atelierf\u00f6rderung, Hessische Ministerium f\u00fcr Wissenschaft und Kunst<\/p>\n<p><strong>2020<\/strong> KUR(ona)-Stipendium K\u00fcnstlerhaus Schloss Balmoral und Stiftung Rheinland-Pfalz f\u00fcr Kultur<\/p>\n<p><strong>2019<\/strong> Stipendium der August M\u00fcller-Stiftung zur F\u00f6rderung junger K\u00fcnstler*innen<\/p>\n<p><strong>2019\u00a0<\/strong>Projektstipendium, Schloss Balmoral und Stiftung Rheinland-Pfalz f\u00fcr Kultur<\/p>\n<p><strong>2018<\/strong> Kulturpreis &#8218;Kunst und Ethos&#8216; 2018, Verlag Schnell &amp; Steiner, Regensburg<\/p>\n<p><strong>2018\u00a0<\/strong>Stipendium im Kommandantenhaus auf dem Dilsberg, Kulturstiftung Rhein-Neckar-Kreis e.V.<\/p>\n<p><strong>2016<\/strong> Artist in Residence, Museum Kunst der Westk\u00fcste, Det Paulsen Legaat gemeinn\u00fctzige GmbH<\/p>\n<p><strong>2014<\/strong> Gebhard-Fugel-Preis DG M\u00fcnchen<\/p>\n<p><strong>2012<\/strong> Saari Residence, Kone Stiftung, Finnland<\/p>\n<p><strong>2011<\/strong> \u2019Albert-Haueisen-Preis 2011\u2019 f\u00fcr BW, RLP und das Elsass.<\/p>\n<p><strong>2011<\/strong> Stipendium K\u00fcnstlerhaus Edenkoben<\/p>\n<p><strong>2010<\/strong> Ramboux-Preis der Stadt Trier<\/p>\n<p><strong>2009<\/strong> Christa-Moering-Stipendium der Stadt Wiesbaden f\u00fcr K\u00fcnstlerinnen<\/p>\n<p><strong>2009<\/strong> Stipendium des Landes RLP K\u00fcnstlerhaus Schloss Wiepersdorf<\/p>\n<p><strong>2007<\/strong> \u2019Albert-Haueisen-F\u00f6rderpreis 2007\u2019 f\u00fcr BW, RLP und das Elsass<\/p>\n<p><strong>2006<\/strong> Arbeitsstipendium Kunstverein Zehnthaus, Jockgrim<\/p>\n<p><strong>2004<\/strong> F\u00f6rderstipendium der Johannes Gutenberg-Universit\u00e4t, Mainz<\/p>\n<p><span style=\"color: #ff6600;\"><b>Einzelausstellungen <\/b><b>(Auswahl)<\/b><\/span><\/p>\n<p><strong>2025<\/strong><\/p>\n<p><em>Internationale Photoszene K\u00f6ln Festival<\/em> &#8211; TURM RAUM KUNST in der Kunst-Station St. Peter, K\u00f6ln<\/p>\n<p><em>Jahresk\u00fcnstlerin<\/em> Evangelische Akademie Frankfurt in Kooperation mit Heussenstamm-Stiftung Frankfurt<\/p>\n<p><strong>2024<\/strong><\/p>\n<p><em>Raumbefragung II<\/em> &#8211; Kunsthalle Dessau<\/p>\n<p><em>Jahresk\u00fcnstlerin<\/em> Evangelische Akademie Frankfurt in Kooperation mit Heussenstamm-Stiftung Frankfurt<\/p>\n<p><em>Parallaxe &#8211; Katrin G\u00fcnther und Nicole Ahland &#8211; Dialogausstellung<\/em>, Kunstf\u00f6rderverein Weinheim<\/p>\n<p><strong>2022<\/strong><\/p>\n<p><em>Raumbefragung &#8211; Fotografie<\/em> Kunstverein Speyer<\/p>\n<p><em>Den Atem anhalten<\/em> &#8211; Eine Rauminstallation nach Hilde Domin im Kirchenraum von St. Johannis, W\u00fcrzburg<\/p>\n<p><em>Von Raum zu Raum<\/em> Haus am Werderplatz, Heidelberg<\/p>\n<p><em>Stimme des Lichts II <\/em>Akademie der Di\u00f6zese Rottenburg-Stuttgart, Tagungshaus Weingarten<\/p>\n<p><strong>2021<\/strong><\/p>\n<p><em>Stimme des Lichts I <\/em>Akademie der Di\u00f6zese Rottenburg-Stuttgart, Tagungshaus Hohenheim<\/p>\n<p><em>Anke Mila Menck und Nicole Ahland &#8211; Dialogausstellung,<\/em> Neue Galerie Landshut<\/p>\n<p><em>Guten Morgen Mein Mond &#8211; Dialog-Ausstellung mit Masami Hirohata, <\/em>Japanisch-Deutsches Zentrum Berlin<\/p>\n<p><strong>2020<\/strong><\/p>\n<p><em>St\u00f6rfeld Y<\/em>\u00a0 &#8222;Made in Balmoral&#8220; K\u00fcnstlerhaus Schloss Balmoral, Bad Ems<\/p>\n<p><strong>2019<\/strong><\/p>\n<p><em>Lichtquartier<\/em> Museum im Wehener Schloss<\/p>\n<p><strong>2018<\/strong><\/p>\n<p><em>the light between\u00a0<\/em>Kunstverein Eislingen<\/p>\n<p><em>luminous\u00a0<\/em>Wichtendahl Galerie, Berlin<\/p>\n<p><strong>2017<\/strong><\/p>\n<p><em>Atmende R\u00e4ume <\/em>Cuxhavener Kunstverein<\/p>\n<p><em>Light<\/em>\u00a0 (mit Rosa M Hessling) Wichtendahl Galerie, Berlin<\/p>\n<p><strong>2016<\/strong><\/p>\n<p><em>Variations of Reality <\/em>Wichtendahl Galerie, Berlin<\/p>\n<p><em>Im Stillen <\/em>Katholische Akademie Bayern, M\u00fcnchen<\/p>\n<p><strong>2015<\/strong><\/p>\n<p><em>A Long Journey into Night <\/em>Manresa Gallery, San Francisco USA<\/p>\n<p><i>Nichtraum &#8211; Die Sache mit dem Licht\u00a0<\/i> Museum Wiesbaden<\/p>\n<p><i>Widerschein\u00a0<\/i> Kunstverein Ludwigshafen<\/p>\n<p><i>\u00dcberR\u00e4ume<\/i> DesignPost, K\u00f6ln<\/p>\n<p><strong>2014<\/strong><\/p>\n<p><i>Licht I Raum<\/i> DG M\u00fcnchen<\/p>\n<p><i>Licht I Raum<\/i> <i>II<\/i> Galerie C. Wichtendahl, Berlin<\/p>\n<p><i>Helle<\/i> St\u00e4dtische Galerie Kaarst<\/p>\n<p><strong>2013<\/strong><\/p>\n<p><i>Appearances<\/i> Marburger Kunstverein<\/p>\n<p><i>Zwischen Kisten und Tapeten<\/i> Essenheimer Kunstverein<\/p>\n<p><i>Den Raum betreten<\/i> Niederrheinischer Kunstverein Wesel, Museum Wesel<\/p>\n<p><i>Space<\/i> Galerie C. Wichtendahl<\/p>\n<p><strong>2012<\/strong><\/p>\n<p><i>exspectation<\/i> Galerie Kleinschmidt Fine Photographs, Wiesbaden<\/p>\n<p><i>5th European Month of Photography<\/i> <i>Berlin<\/i> Galerie C. Wichtendahl<\/p>\n<p><i>LUX \u2013 Aus gro\u00dfer H\u00f6he betrachtet<\/i> Intervention im Kirchenraum, St.Jakobuskirche<\/p>\n<p><i>Flagge zeigen \u2013 Notizen f\u00fcr sp\u00e4ter<\/i> 16.K\u00fcnstlerfahnenfestival Eppingen<\/p>\n<p><strong>2011<\/strong><\/p>\n<p><i>Zwischen der Stille<\/i> Galerie semina rerum, Z\u00fcrich<\/p>\n<p><i>Ramboux-Preis<\/i> Museum Simeonstift Trier<\/p>\n<p><i>einen augenblick lang<\/i> AKM K\u00fcnstlerhaus Metternich, Koblenz<\/p>\n<p><strong>2010<\/strong><\/p>\n<p><i>silent view<\/i> Frauenmuseum Wiesbaden<\/p>\n<p><i> resolution<\/i> Galerie Kleinschmidt Fine Photographs, Wiesbaden<\/p>\n<p><i> andernorts<\/i> Galerie C. Wichtendahl, Berlin<\/p>\n<p><i> Fiktionspartikel<\/i> St\u00e4dtische Galerie Kloster Karthaus<\/p>\n<p><i> warten und vergessen<\/i> Saarl\u00e4ndisches K\u00fcnstlerhaus Saarbr\u00fccken<\/p>\n<p><strong>2009<\/strong><\/p>\n<p><i>_stille_und_erinnern<\/i> Galerie semina rerum, Z\u00fcrich<\/p>\n<p><i>and then there was silence<\/i> Kunstverein Friedberg<\/p>\n<p><i>Im Kabinett<\/i> Galerie Kleinschmidt Fine Photographs, Wiesbaden<\/p>\n<p><strong>2008<\/strong><\/p>\n<p><i>Raumsampling<\/i> Landtag Rheinland-Pfalz, Mainz (mit Karin Meiner)<\/p>\n<p><i>r\u00e4umlich<\/i> Galerie C. Wichtendahl, Berlin<\/p>\n<p><i>Samuel<\/i> Dommuseum, Frankfurt a.M.<\/p>\n<p><i>warte nicht auf mich<\/i> Galerie Greulich, Frankfurt a.M.<\/p>\n<p><strong>2007<\/strong><\/p>\n<p><i>heimw\u00e4rts<\/i> Kunstverein Trier Junge Kunst<\/p>\n<p><strong>2006<\/strong><\/p>\n<p><i>Zwischeng\u00e4ngerin<\/i> Nassauischer Kunstverein, Wiesbaden<\/p>\n<p><i>Hafen\u00e4sthetik und Containerphilosophie<\/i> Kunstraum Zollhafen, Mainz<\/p>\n<p><strong>2005<\/strong><\/p>\n<p><i>dass du die stille nicht h\u00f6ren musst. <\/i>Galerie Greulich, Frankfurt a.M.<\/p>\n<p><i>Nicole Ahland \u2013 Fotografie<\/i> Kunstverein<i> <\/i>Schmiede Wettig, Nieder-Olm<\/p>\n<p><span style=\"color: #ff6600;\"><b>Gruppenausstellungen<\/b><b> (Auswahl)<\/b><\/span><\/p>\n<p><strong>2025<\/strong><\/p>\n<p><em>Grenzenlos &#8211; Gegenwartskunst aus Deutschland<\/em> Taicang Art Museum, China<\/p>\n<p><strong>2024<\/strong><\/p>\n<p><em>erinnern<\/em>\u00a0 Museum Kunst der Westk\u00fcste, F\u00f6hr<\/p>\n<p><em>Beyond White<\/em> Strelow &amp; Walter Projects in der Galerie Heike Strelow, Frankfurt a.M.<\/p>\n<p><em>Sch\u00f6ne Aussichten<\/em> Kunstverein Bellevue Saal, Wiesbaden<\/p>\n<p><strong>2022<\/strong><\/p>\n<p><em>IDA Y VUELTA<\/em> Arteko Gallery San Sebasti\u00e1n<\/p>\n<p><em>In spaces &#8211; In R\u00e4umen<\/em>\u00a0 Kajaani Art Museum Finland<\/p>\n<p><strong>2021 <\/strong><\/p>\n<p><em>Made On F\u00f6hr<\/em> Museum Kunst der Westk\u00fcste, F\u00f6hr<\/p>\n<p><em>LUXUS und GLAMOUR?<\/em> Arp Museum Bahnhof Rolandseck, Remagen<\/p>\n<p><em>WERK!<\/em> Ehemaliges Rasselstein-Gel\u00e4nde Neuwied<\/p>\n<p><em>RAY 2021 &#8211; Ideologien<\/em> im Stadtmuseum Hofheim, Dialogausstellung mit Marta Hoepffner, Sibylle Fendt und Nicole Ahland<\/p>\n<p><em>Licht!<\/em> Kunststation Kleinsassen<\/p>\n<p><strong>2020<\/strong><\/p>\n<p><em>Like you! Freundschaft digital &amp; analog\u00a0<\/em>Museum f\u00fcr Kommunikation, Berlin<\/p>\n<p><strong>2019<\/strong><\/p>\n<p><em>invited by \/\/ part two<\/em>\u00a0. Jubil\u00e4umsausstellung der Galerie Robert Drees, Hannover<\/p>\n<p><em>Polarisat+ION .\u00a0<\/em>Raumintervention in St. Matthias, Neuwied<\/p>\n<p><strong>2018<\/strong><\/p>\n<p><em>Aussicht &#8211; Einsicht. Blick durchs Fenster<\/em> Museum Sinclair-Haus, Bad Homburg<\/p>\n<p><em>Like you! Freundschaft digital &amp; analog\u00a0<\/em>Museum f\u00fcr Kommunikation, Frankfurt am Main<\/p>\n<p><em>Flux4Art &#8211; Kunst in Rheinland-Pfalz\u00a0<\/em>Museum Boppard am Rhein<\/p>\n<p><em>Eines Morgens vielleicht <\/em>Galerie der DG M\u00fcnchen<\/p>\n<p><em>Vom Verschwinden und Erscheinen &#8211; \u00dcber das Ephemere in der Fotografie\u00a0<\/em>Alfred Erhard Stiftung Berlin<\/p>\n<p><em>Krasse Interpersonelle Resonanzen\u00a0<\/em>Produzentengalerie Andrea K\u00f6nig, Oppenheim<\/p>\n<p><strong>2017<\/strong><\/p>\n<p><em>Lost in Transition &#8211; Vom Fl\u00fcchtigen, Ephemeren <\/em>Kunstforum TU Darmstadt<\/p>\n<p><em>R\u00e4ume\u00a0 <\/em>Maurer Zilioli Contemporary Arts, M\u00fcnchen<\/p>\n<p><strong>2016<\/strong><\/p>\n<p><em>Empty Rooms &#8211; Die Sch\u00f6nheit der Leere <\/em>Museum Kunst der Westk\u00fcste, Alkersum\/F\u00f6hr<\/p>\n<p><em>Luther reicht nicht!\u00a0 K\u00fcnstlerische Impulse zur st\u00e4ndigen Reform <\/em>Kunsthaus Kaufbeuren und Kloster Roggenburg<em><br \/><\/em><\/p>\n<p><em>unknown ground &#8211; vom Fremden zum Eigenen<\/em> Designhaus Mathildenh\u00f6he, Darmstadt<\/p>\n<p><em>Pfalzpreis f\u00fcr Bildende Kunst 2016 &#8211; Nominierungsausstellung<\/em> Museum Pfalzgalerie Kaiserslautern<\/p>\n<p><em>K\u00fcnstlerhaus Schloss Wiepersdorf zu Gast im KunstHaus Potsdam &#8211; Ein interdisziplin\u00e4res Festival<\/em><\/p>\n<p><em>light + shadow<\/em>\u00a0 Kunstverein Speyer<\/p>\n<p><em>Interieur &#8211; Die Abwesenheit der Dinge\u00a0 <\/em>Schloss Agathenburg<\/p>\n<p><em>Jubil\u00e4umsausstellung | Noir\u00e9e. 40 x schwarz <\/em>Kunstverein Friedberg<\/p>\n<p><strong>2015<\/strong><\/p>\n<p><em>Luther reicht nicht!\u00a0 K\u00fcnstlerische Impulse zur st\u00e4ndigen Reform <\/em>Kreuzgang des W\u00fcrzburger Doms<\/p>\n<p><i>Mainzer Ansichten <\/i>Kunsthalle Mainz<\/p>\n<p><i>Ich bin da.<\/i> Ehemaliges Kloster St. Klara, Regensburg<\/p>\n<p><i>random thoughts of a daily light<\/i> das weisse haus, Wien<\/p>\n<p><strong>2013<\/strong><\/p>\n<p><i>Geteilte Zeit<\/i> Stipendiaten des K\u00fcnstlerhauses Edenkoben<\/p>\n<p><strong>2012<\/strong><\/p>\n<p><i>25 Jahre Kunststation Sankt Peter<\/i> DG M\u00fcnchen<\/p>\n<p><i>Zeit des Raumes<\/i> Architekturmuseum Breslau, Pl<\/p>\n<p><i>The Unknown<\/i>\u00a0 3.Mediations Biennale 2012 Posen, Pl<\/p>\n<p><i>\u00dcber Generationen: Bildsprache Schwarzwei\u00df <\/i>Stadtmuseum Hofheim<\/p>\n<p><i>Lichter <\/i>Galerie C.Wichtendahl, Berlin<\/p>\n<p><i>Blindheit des Sehens <\/i>St\u00e4dtische Galerie, Bad Nauheim<\/p>\n<p><strong>2011<\/strong><\/p>\n<p><i>Albert-Haueisen-Preis 2011<\/i> Zehnthaus Jockgrim<\/p>\n<p><i>Gro\u00dfe Kunstausstellung NRW<\/i> Museum Kunstpalast D\u00fcsseldorf<\/p>\n<p><i>Uferfiltrat<\/i> Kunsthalle whiteBOX, M\u00fcnchen<\/p>\n<p><strong>2010<\/strong><\/p>\n<p><i>Pfalzpreis f\u00fcr Bildende Kunst 2010<\/i> Museum Pfalzgalerie, Kaiserslautern<\/p>\n<p><i>Treffpunkt Kunst <\/i>bauverein Darmstadt<\/p>\n<p><i>regionale<\/i> Kunstverein Ludwigshafen<\/p>\n<p><i>Festival Photofolies en Touraine <\/i>Loire, F<\/p>\n<p><i>Blindheit des Sehens<\/i> Kunstblock Frankfurt a.M.<\/p>\n<p><i>Km 500 # 3 <\/i>Kunsthalle Mainz<\/p>\n<p><i>multi<\/i> K\u00fcnstlerhaus Dortmund<\/p>\n<p><i>Gro\u00dfe Kunstausstellung NRW<\/i> Museum Kunstpalast D\u00fcsseldorf<\/p>\n<p><strong>2009<\/strong><\/p>\n<p><i>all about light <\/i>Galerie Wichtendahl, Berlin<\/p>\n<p><i>Hans-Purmann-Preis 2009 <\/i>St\u00e4dtische Galerie Speyer<\/p>\n<p><i>IV. Ellwanger Kunstausstellung 2009 <\/i>Kunstverein Ellwangen<\/p>\n<p><i>Prix d\u2019art Robert Schuman 2009 <\/i>Metz, F<\/p>\n<p><strong>2008<\/strong><\/p>\n<p><i>4 Positionen<\/i> St\u00e4dtische Galerie Kfar Saba, Israel<\/p>\n<p><i>Sechzig Jahre AKM<\/i> K\u00fcnstlerhaus Metternich, Koblenz<\/p>\n<p><i>20 Jahre f\u00fcr die Kunst<\/i> Essenheimer Kunstverein<\/p>\n<p><i>PHOTOGRAPHY4STATEMENTS<\/i> Chelsea Galerie Laufen, CH<\/p>\n<p><i>Im Fokus<\/i> Museum Pachen Rockenhausen<\/p>\n<p><i>Fotokunst aus Rheinland-Pfalz<\/i>\u00a0 Kunstverein Speyer<\/p>\n<p><i>Stilbr\u00fcche<\/i>\u00a0 St\u00e4dtische Galerie Villa Streccius Landau<\/p>\n<p><i>Zwischeng\u00e4nger<\/i> Kunstverein N\u00f6rdlingen<\/p>\n<p><strong>2007<\/strong><\/p>\n<p><i>Kunstprivat!<\/i> &#8211; Hessische Unternehmen zeigen ihre Kunstsammlungen<\/p>\n<p><i>3 x klingeln<\/i> Kunstaktion Mainz<\/p>\n<p><i>Fokussiert<\/i> St\u00e4dtische Galerie Speyer<\/p>\n<p><i>Vier Positionen<\/i> K\u00fcnstlerhaus Metternich Koblenz<\/p>\n<p><i>Flutlicht<\/i> Essenheimer Kunstverein, Altes Rathaus Ingelheim<\/p>\n<p><strong>2006<\/strong><\/p>\n<p><i>Labyrinth<\/i> Kolbhalle K\u00f6ln<\/p>\n<p><i>Location \u2013 Neubestimmung von Raum und Ort<\/i> Galerie Greulich Frankfurt<\/p>\n<p><i>Selbstsicht &#8211; der Schritt ins Bild<\/i> Darmst\u00e4dter Tage der Fotografie e.V.<\/p>\n<p><i>Sein Bruder\u00a0<\/i> Rauminstallation Open Stage \/ Schauspiel Frankfurt a.M.<\/p>\n<p><strong>2005<\/strong><\/p>\n<p><i> Emy-R\u00f6der Preis 2005<\/i> Kunstverein Ludwigshafen am Rhein<\/p>\n<p><i>Klasse Atelier &#8211; Atelier Klasse<\/i>\u00a0 Kunstverein Ludwigshafen am Rhein<\/p>\n<p><i>Gro\u00dfe Kunstausstellung 2005 Halle\/Saale<\/i> Kunsthalle Villa Kobe Halle\/Saale<\/p>\n<p><i>kommen sie nach hause<\/i> Wanderausstellung in Wohnungen K\u00f6ln<\/p>\n<p><i>Junge Deutsche Fotografie<\/i> Buchmesse Frankfurt a.M.<\/p>\n<p><i>beweg dich <\/i>Tuchfabrik e.V. Trier<\/p>\n<p><strong>2004<\/strong><\/p>\n<p><i>Klasse Atelier \u2013 Atelier Klasse<\/i>\u00a0 Haus der Kunst der Stadt Br\u00fcnn (Tschechien)<\/p>\n<p><i>K\u00fcnstler am Beginn des 21.Jahrhunderts \u2013 Photographie<\/i>\u00a0 K\u00fcnstlerhaus Metternich<\/p>\n<p><i>\u00fcberschaubar<\/i>\u00a0 NaspaKunstForum, Wiesbaden<\/p>\n<p><i>Zeitgleich \u2013 Zeitzeichen<\/i>\u00a0 Kunsthaus, Wiesbaden<\/p>\n<p><strong>2003<\/strong><\/p>\n<p><i>mittern\u2019acht ist ein ort <\/i>Kunstlicht Wiesbaden<\/p>\n<p><i>Emy-Roeder Preis 2002<\/i> Wilhelm-Hackmuseum Ludwigshafen<\/p>\n<p><i>Extra-Klasse &#8211; Kunststudierende der Akademie<\/i> Galerie der Stadt Mainz<\/p>\n<p><i>Alles flie\u00dft\u00a0<\/i> Kunst in den Katakomben, Wissenschaftssommer, Mainz<\/p>\n<p><i>Gr\u00fc\u00dfe aus\u2026 <\/i>Kunstraum<i> <\/i>G\u00fcterhalle Mainz<\/p>\n<p><strong>2002<\/strong><\/p>\n<p><i>Kunstlicht 1 \u2013 die Initiatoren stellen aus<\/i> Wiesbaden<\/p>\n<p><i>Martha-Hoepffner-Preis f\u00fcr Fotografie 2002<\/i>\u00a0 Stadtmuseum Hofheim a.T.<\/p>","protected":false},"excerpt":{"rendered":"<p>Nicole Ahland 1970 geboren in Trier 1995-96 Forschungsreisen nach China 1997-98 Aufenthalt in Vietnam 1999-05 Studium der Freien Kunst an der Akademie f\u00fcr Bildende K\u00fcnste der Johannes Gutenberg-Universit\u00e4t Mainz ( Prof. Dr. Vladimir Spacek ) 2007-08 wissenschaftliche Mitarbeiterin Kunsttheorie AfBK Mainz 2014-2019 aktives Vorstandsmitglied Kunstverein Bellevue-Saal Wiesbaden seit 2004 Mentoring f\u00fcr Bildende K\u00fcnstlerinnen\u00a0 www.kunst-mentoring.de lebt und arbeitet in Wiesbaden und in der Westpfalz Es befinden sich zahlreiche Werke in \u00f6ffentlichen&#8230;<\/p>\n","protected":false},"author":1,"featured_media":0,"parent":0,"menu_order":0,"comment_status":"closed","ping_status":"open","template":"","meta":{"footnotes":""},"_links":{"self":[{"href":"https:\/\/www.nicole-ahland.de\/index.php?rest_route=\/wp\/v2\/pages\/30"}],"collection":[{"href":"https:\/\/www.nicole-ahland.de\/index.php?rest_route=\/wp\/v2\/pages"}],"about":[{"href":"https:\/\/www.nicole-ahland.de\/index.php?rest_route=\/wp\/v2\/types\/page"}],"author":[{"embeddable":true,"href":"https:\/\/www.nicole-ahland.de\/index.php?rest_route=\/wp\/v2\/users\/1"}],"replies":[{"embeddable":true,"href":"https:\/\/www.nicole-ahland.de\/index.php?rest_route=%2Fwp%2Fv2%2Fcomments&post=30"}],"version-history":[{"count":57,"href":"https:\/\/www.nicole-ahland.de\/index.php?rest_route=\/wp\/v2\/pages\/30\/revisions"}],"predecessor-version":[{"id":1311,"href":"https:\/\/www.nicole-ahland.de\/index.php?rest_route=\/wp\/v2\/pages\/30\/revisions\/1311"}],"wp:attachment":[{"href":"https:\/\/www.nicole-ahland.de\/index.php?rest_route=%2Fwp%2Fv2%2Fmedia&parent=30"}],"curies":[{"name":"wp","href":"https:\/\/api.w.org\/{rel}","templated":true}]}}