{"id":57,"date":"2015-01-07T13:15:44","date_gmt":"2015-01-07T11:15:44","guid":{"rendered":"http:\/\/www.nicole-ahland.de\/wordpress\/?page_id=57"},"modified":"2021-03-13T16:47:23","modified_gmt":"2021-03-13T14:47:23","slug":"bibliografie","status":"publish","type":"page","link":"https:\/\/www.nicole-ahland.de\/?page_id=57","title":{"rendered":"Bibliografie"},"content":{"rendered":"<p><a href=\"http:\/\/www.nicole-ahland.de\/wordpress\/wp-content\/uploads\/2015\/01\/Nicole_Ahland_Wiederschein-titel-1.jpg\"><img decoding=\"async\" loading=\"lazy\" class=\"size-medium wp-image-674\" src=\"http:\/\/www.nicole-ahland.de\/wordpress\/wp-content\/uploads\/2015\/01\/Nicole_Ahland_Wiederschein-titel-1-216x288.jpg\" alt=\"Nichtraum Nicole Ahland -Fotografie\" width=\"216\" height=\"288\" srcset=\"https:\/\/www.nicole-ahland.de\/wordpress\/wp-content\/uploads\/2015\/01\/Nicole_Ahland_Wiederschein-titel-1-216x288.jpg 216w, https:\/\/www.nicole-ahland.de\/wordpress\/wp-content\/uploads\/2015\/01\/Nicole_Ahland_Wiederschein-titel-1-188x250.jpg 188w, https:\/\/www.nicole-ahland.de\/wordpress\/wp-content\/uploads\/2015\/01\/Nicole_Ahland_Wiederschein-titel-1-371x494.jpg 371w, https:\/\/www.nicole-ahland.de\/wordpress\/wp-content\/uploads\/2015\/01\/Nicole_Ahland_Wiederschein-titel-1.jpg 480w\" sizes=\"(max-width: 216px) 100vw, 216px\" \/><\/a><\/p>\n<p><strong>Nicole Ahland &#8211; <em>Nichtraum<\/em><\/strong><\/p>\n<p>Herausgeber: Museum Wiesbaden\u00a0und KV Ludwigshafen am Rhein, 2015<\/p>\n<p>Wienand-Verlag<\/p>\n<p>ISBN 978-3-86832-281-1<\/p>\n<p><strong>Nicole Ahland &#8211;\u00a0<em>\u00dcberR\u00e4ume<\/em><\/strong><\/p>\n<p>Sankt C\u00e4cilien + Sankt Peter K\u00f6ln<\/p>\n<p>Herausgeber: Friedhelm Mennekes und Kai Kullen, 2014<\/p>\n<p>Wienand-Verlag<\/p>\n<p>ISBN 978-3-86832-159-3<\/p>\n<h4><img decoding=\"async\" loading=\"lazy\" class=\"size-medium wp-image-696 alignleft\" src=\"http:\/\/www.nicole-ahland.de\/wordpress\/wp-content\/uploads\/2015\/01\/ueberraeumebuch_web-214x288.jpg\" alt=\"ahland_ueberraeume_buch\" width=\"214\" height=\"288\" srcset=\"https:\/\/www.nicole-ahland.de\/wordpress\/wp-content\/uploads\/2015\/01\/ueberraeumebuch_web-214x288.jpg 214w, https:\/\/www.nicole-ahland.de\/wordpress\/wp-content\/uploads\/2015\/01\/ueberraeumebuch_web-186x250.jpg 186w, https:\/\/www.nicole-ahland.de\/wordpress\/wp-content\/uploads\/2015\/01\/ueberraeumebuch_web-368x494.jpg 368w, https:\/\/www.nicole-ahland.de\/wordpress\/wp-content\/uploads\/2015\/01\/ueberraeumebuch_web.jpg 536w\" sizes=\"(max-width: 214px) 100vw, 214px\" \/><\/h4>\n<h4>\u00a0<span class=\"Apple-style-span\" style=\"line-height: 36px; font-size: 24px;\">\u00a0<\/span><\/h4>\n<p><strong>Nicole Ahland &#8211; Fotografie<\/strong><\/p>\n<p>Herausgeber: Marburger Kunstverein, 2013<br \/>\nISBN 978-3-00-042140-2<\/p>\n<p><a href=\"http:\/\/www.nicole-ahland.de\/wordpress\/wp-content\/uploads\/2015\/07\/marburger.png\"><img decoding=\"async\" loading=\"lazy\" class=\"wp-image-500 alignleft\" src=\"http:\/\/www.nicole-ahland.de\/wordpress\/wp-content\/uploads\/2015\/07\/marburger-229x288.png\" alt=\"marburger\" width=\"261\" height=\"329\" srcset=\"https:\/\/www.nicole-ahland.de\/wordpress\/wp-content\/uploads\/2015\/07\/marburger-229x288.png 229w, https:\/\/www.nicole-ahland.de\/wordpress\/wp-content\/uploads\/2015\/07\/marburger-199x250.png 199w, https:\/\/www.nicole-ahland.de\/wordpress\/wp-content\/uploads\/2015\/07\/marburger-392x494.png 392w, https:\/\/www.nicole-ahland.de\/wordpress\/wp-content\/uploads\/2015\/07\/marburger.png 424w\" sizes=\"(max-width: 261px) 100vw, 261px\" \/><\/a><\/p>\n<h4><\/h4>\n<p><strong>Nicole Ahland\u00a0<\/strong><em><strong>Samuel<\/strong><\/em><\/p>\n<p>Herausgeber: Dommuseum Frankfurt am Main, 2008<br \/>\nISBN 978-3-921221-58-7<\/p>\n<p><img decoding=\"async\" loading=\"lazy\" class=\"size-medium wp-image-321 alignleft\" src=\"http:\/\/www.nicole-ahland.de\/wordpress\/wp-content\/uploads\/2015\/04\/samuel-249x288.jpg\" alt=\"samuel\" width=\"249\" height=\"288\" srcset=\"https:\/\/www.nicole-ahland.de\/wordpress\/wp-content\/uploads\/2015\/04\/samuel-249x288.jpg 249w, https:\/\/www.nicole-ahland.de\/wordpress\/wp-content\/uploads\/2015\/04\/samuel-216x250.jpg 216w, https:\/\/www.nicole-ahland.de\/wordpress\/wp-content\/uploads\/2015\/04\/samuel-427x494.jpg 427w, https:\/\/www.nicole-ahland.de\/wordpress\/wp-content\/uploads\/2015\/04\/samuel.jpg 640w\" sizes=\"(max-width: 249px) 100vw, 249px\" \/><\/p>\n<h4><\/h4>\n<h4><\/h4>\n<h4><\/h4>\n<p><strong>Nicole Ahland\u00a0\u00a0<\/strong><em><strong>Zwischeng\u00e4ngerin<\/strong><\/em><\/p>\n<p>Herausgeber: NKV Nassauischer Kunstverein Wiesbaden, 2006<br \/>\nISBN 3-9810187-8-8<\/p>\n<p><a href=\"http:\/\/www.nicole-ahland.de\/wordpress\/wp-content\/uploads\/2015\/04\/zwischengaengerin.jpg\"><img decoding=\"async\" loading=\"lazy\" class=\"size-medium wp-image-320 alignleft\" src=\"http:\/\/www.nicole-ahland.de\/wordpress\/wp-content\/uploads\/2015\/04\/zwischengaengerin-288x203.jpg\" alt=\"zwischengaengerin\" width=\"288\" height=\"203\" srcset=\"https:\/\/www.nicole-ahland.de\/wordpress\/wp-content\/uploads\/2015\/04\/zwischengaengerin-288x203.jpg 288w, https:\/\/www.nicole-ahland.de\/wordpress\/wp-content\/uploads\/2015\/04\/zwischengaengerin-250x177.jpg 250w, https:\/\/www.nicole-ahland.de\/wordpress\/wp-content\/uploads\/2015\/04\/zwischengaengerin-494x349.jpg 494w, https:\/\/www.nicole-ahland.de\/wordpress\/wp-content\/uploads\/2015\/04\/zwischengaengerin.jpg 640w\" sizes=\"(max-width: 288px) 100vw, 288px\" \/><\/a><\/p>\n<h4><\/h4>\n<p><strong>Nicole Ahland und J\u00fcrgen Kross\u00a0<\/strong><em><strong>zufluchten<\/strong><\/em><\/p>\n<p>Wolfgang Hager Verlag, 2007<br \/>\nISBN-13: 978-3-900578-36-7<\/p>\n<p><em><a href=\"http:\/\/www.nicole-ahland.de\/wordpress\/wp-content\/uploads\/2015\/04\/zufluchten.jpg\"><img decoding=\"async\" loading=\"lazy\" class=\"size-medium wp-image-319 alignleft\" src=\"http:\/\/www.nicole-ahland.de\/wordpress\/wp-content\/uploads\/2015\/04\/zufluchten-221x288.jpg\" alt=\"zufluchten\" width=\"221\" height=\"288\" srcset=\"https:\/\/www.nicole-ahland.de\/wordpress\/wp-content\/uploads\/2015\/04\/zufluchten-221x288.jpg 221w, https:\/\/www.nicole-ahland.de\/wordpress\/wp-content\/uploads\/2015\/04\/zufluchten-192x250.jpg 192w, https:\/\/www.nicole-ahland.de\/wordpress\/wp-content\/uploads\/2015\/04\/zufluchten-380x494.jpg 380w, https:\/\/www.nicole-ahland.de\/wordpress\/wp-content\/uploads\/2015\/04\/zufluchten.jpg 640w\" sizes=\"(max-width: 221px) 100vw, 221px\" \/><\/a><\/em><\/p>\n<h4><\/h4>\n<h4><\/h4>\n<h4><\/h4>\n<h4><\/h4>\n<h4><\/h4>\n<h4><\/h4>\n<p><em><strong>Prix d\u2019art Kunstpreis Robert Schuman<\/strong><\/em><\/p>\n<p>Stadt Metz 2009<\/p>\n<h4><em>IV. Ellwanger Kunstausstellung 2009<\/em><\/h4>\n<p>Kunstverein Ellwangen e.v.<\/p>\n<h4><em>Sechzig Jahre AKM &#8211; form + farbe<\/em><\/h4>\n<p>Herausgeber: Arbeitsgemeinschaft bildender K\u00fcnstler Mittelrhein, 2008<\/p>\n<h4><em>Campus-Projekt 2004 \u2013 07<\/em><\/h4>\n<p>Herausgeber: Akademie f\u00fcr Bildende K\u00fcnste, 2007<\/p>\n<h4><em>30 Jahre Zehnthaus Jockgrim<\/em><\/h4>\n<p>Herausgeber: Kuratorium f\u00fcr Kunst und Denkmalpflege, Jockgrim, 2007<\/p>\n<h4><em>Selbstsicht \u2013 Der Schritt ins Bild<\/em><\/h4>\n<p>Herausgeber: Darmst\u00e4dter Tage der Fotografie e.V., 2006<br \/>\nISBN 3-9810254-2-3<\/p>\n<h4><em>klasse atelier atelier klasse<\/em><\/h4>\n<p>Herausgeber: Barbara Auer, Kunstverein Ludwigshafen a.Rh. e.V., 2005<br \/>\nISBN 3-88423-250-9\u00a0 Verlag Das Wunderhorn<\/p>\n<h4><em>klasse spacek<\/em><\/h4>\n<p>Verlag Das Wunderhorn, 2005<br \/>\nISBN 3-88423-238-X<\/p>\n<h4><em>Emy-Roeder-Preis 2005<\/em><\/h4>\n<p>Herausgeber: Kunstverein Ludwigshafen a.Rh., 2005<\/p>\n<h4><em>Grosse Kunstausstellung 2005 Halle (Saale)<\/em><\/h4>\n<p>Herausgeber: Kunst Halle e.V.<\/p>\n<h4><em>Zeitgleich &#8211; Zeitzeichen\u00a0\u00a0<\/em>Junge Kunst im Herbst 2004<\/h4>\n<p>Herausgeber: Berufsverband Bildender K\u00fcnstlerinnen und K\u00fcnstler e.V., 2004<\/p>\n<h4><em>alles flie\u00dft<\/em>\u00a0 Kunst \u2013 Musik \u2013 Wissenschaft<\/h4>\n<p>Herausgeber: artefont, 2003<\/p>\n<h4><em>Kunstlicht<\/em><\/h4>\n<p>Herausgeber: K\u00fcnstlergruppe Kunstlicht, 2003<\/p>\n<h4><em>Emy-Roeder-Preis 2002<\/em><\/h4>\n<p>Herausgeber: Kunstverein Ludwigshafen a.Rh., 2003<\/p>\n<h4><em>50 Schattenspiele<\/em>\u00a0Marta Hoepffner-Preis f\u00fcr Fotografie 2002<\/h4>\n<p>Stadtmuseum Hofheim am Taunus, 2002<br \/>\nISBN 3-933735-24-6<\/p>\n","protected":false},"excerpt":{"rendered":"<p>Nicole Ahland &#8211; Nichtraum Herausgeber: Museum Wiesbaden\u00a0und KV Ludwigshafen am Rhein, 2015 Wienand-Verlag ISBN 978-3-86832-281-1 Nicole Ahland &#8211;\u00a0\u00dcberR\u00e4ume Sankt C\u00e4cilien + Sankt Peter K\u00f6ln Herausgeber: Friedhelm Mennekes und Kai Kullen, 2014 Wienand-Verlag ISBN 978-3-86832-159-3 \u00a0\u00a0 Nicole Ahland &#8211; Fotografie Herausgeber: Marburger Kunstverein, 2013 ISBN 978-3-00-042140-2 Nicole Ahland\u00a0Samuel Herausgeber: Dommuseum Frankfurt am Main, 2008 ISBN 978-3-921221-58-7 Nicole Ahland\u00a0\u00a0Zwischeng\u00e4ngerin Herausgeber: NKV Nassauischer Kunstverein Wiesbaden, 2006 ISBN 3-9810187-8-8 Nicole Ahland und J\u00fcrgen Kross\u00a0zufluchten&#8230;<\/p>\n","protected":false},"author":1,"featured_media":0,"parent":0,"menu_order":2,"comment_status":"closed","ping_status":"closed","template":"","meta":{"footnotes":""},"_links":{"self":[{"href":"https:\/\/www.nicole-ahland.de\/index.php?rest_route=\/wp\/v2\/pages\/57"}],"collection":[{"href":"https:\/\/www.nicole-ahland.de\/index.php?rest_route=\/wp\/v2\/pages"}],"about":[{"href":"https:\/\/www.nicole-ahland.de\/index.php?rest_route=\/wp\/v2\/types\/page"}],"author":[{"embeddable":true,"href":"https:\/\/www.nicole-ahland.de\/index.php?rest_route=\/wp\/v2\/users\/1"}],"replies":[{"embeddable":true,"href":"https:\/\/www.nicole-ahland.de\/index.php?rest_route=%2Fwp%2Fv2%2Fcomments&post=57"}],"version-history":[{"count":38,"href":"https:\/\/www.nicole-ahland.de\/index.php?rest_route=\/wp\/v2\/pages\/57\/revisions"}],"predecessor-version":[{"id":1061,"href":"https:\/\/www.nicole-ahland.de\/index.php?rest_route=\/wp\/v2\/pages\/57\/revisions\/1061"}],"wp:attachment":[{"href":"https:\/\/www.nicole-ahland.de\/index.php?rest_route=%2Fwp%2Fv2%2Fmedia&parent=57"}],"curies":[{"name":"wp","href":"https:\/\/api.w.org\/{rel}","templated":true}]}}